2082664 a multiple of 922?
False
Is 2600 a factor of 257931679?
False
Is 24 a factor of 1502079632?
False
Is 75737620 a multiple of 213?
False
Is 111 a factor of 55151238?
True
Is 63131453 a multiple of 77?
True
Is 10856207 a multiple of 134?
False
Is 2664 a factor of 663641773?
False
Does 343 divide 2471266205?
False
Is 110 a factor of 3132714750?
True
Is 48 a factor of 25385868?
False
Is 7 a factor of 39033452?
False
Is 257610311 a multiple of 749?
True
Is 17463493 a multiple of 27?
False
Is 817 a factor of 4702888930?
True
Is 85 a factor of 2421792?
False
Is 5 a factor of 3837125?
True
Is 1185975936 a multiple of 202?
True
Is 211020640 a multiple of 262?
False
Is 6240 a factor of 298995840?
True
Is 1391992873 a multiple of 86?
False
Does 3004 divide 106810224?
True
Does 61 divide 1239983412?
False
Does 74 divide 27424992?
True
Is 313 a factor of 323393478?
True
Is 109671400 a multiple of 1115?
True
Is 751262917 a multiple of 15?
False
Is 68 a factor of 50205283?
False
Is 3244 a factor of 578745820?
True
Is 28 a factor of 125038144?
True
Is 431 a factor of 615831523?
False
Is 3 a factor of 12879875?
False
Does 169 divide 288263689?
False
Does 147 divide 45662398?
False
Is 312769224 a multiple of 18?
True
Is 260491256 a multiple of 4?
True
Is 17 a factor of 720799913?
False
Does 7 divide 420809781?
True
Is 26 a factor of 7479262?
False
Does 11 divide 5127423?
False
Does 4 divide 114197500?
True
Is 1226346706 a multiple of 6626?
True
Does 7197 divide 881639104?
False
Does 129 divide 136572694?
False
Is 91559412 a multiple of 483?
True
Is 20 a factor of 1008897755?
False
Is 52878760 a multiple of 8?
True
Does 25 divide 41758509?
False
Does 166 divide 525922203?
False
Is 1277 a factor of 2096891?
False
Does 59 divide 5587532101?
False
Does 7 divide 6711029?
False
Is 234204149 a multiple of 976?
False
Is 624118367 a multiple of 310?
False
Is 20 a factor of 249652085?
False
Does 5 divide 327866883?
False
Is 551884328 a multiple of 3?
False
Is 10 a factor of 6096440?
True
Is 113813287 a multiple of 1080?
False
Does 97 divide 1207634286?
True
Does 3362 divide 397103150?
False
Is 66436991 a multiple of 48?
False
Is 209 a factor of 25385728?
False
Is 1429680 a multiple of 111?
True
Is 137 a factor of 169470370?
True
Does 18 divide 1013180416?
False
Is 665134210 a multiple of 165?
False
Is 160634115 a multiple of 107?
False
Does 29 divide 27026492?
True
Does 853 divide 16971288?
True
Is 88 a factor of 544367560?
True
Does 521 divide 5149118629?
False
Does 3807 divide 96789001?
False
Is 36 a factor of 66656230?
False
Is 218305289 a multiple of 186?
False
Is 54069015 a multiple of 429?
True
Is 34096733 a multiple of 547?
False
Is 83 a factor of 60814681?
True
Is 15 a factor of 254763?
False
Is 9 a factor of 2879010?
True
Does 53 divide 202400269?
True
Does 12 divide 92317643?
False
Is 1915414797 a multiple of 16?
False
Is 968855497 a multiple of 61?
True
Is 547 a factor of 911259?
False
Is 4 a factor of 2303054?
False
Is 1702 a factor of 59098221?
False
Does 20 divide 1563360?
True
Does 199 divide 154243860?
False
Is 20 a factor of 7926820?
True
Is 31 a factor of 4713206210?
True
Is 770701120 a multiple of 64?
True
Is 167600201 a multiple of 14?
False
Is 5 a factor of 620644875?
True
Does 60 divide 561064?
False
Does 277 divide 157649726?
False
Does 2753 divide 518929488?
True
Does 3204 divide 438358464?
True
Does 200 divide 376268000?
True
Does 14 divide 208499480?
True
Does 1257 divide 1939928100?
True
Is 230319343 a multiple of 9?
False
Is 46 a factor of 2105006?
True
Does 55 divide 154224510?
True
Is 229335345 a multiple of 13?
False
Is 7 a factor of 12082392?
True
Is 501078383 a multiple of 13?
True
Is 541 a factor of 371437776?
False
Is 8512499 a multiple of 19?
False
Is 47 a factor of 2442797834?
True
Is 8 a factor of 8646805?
False
Is 270994022 a multiple of 13?
True
Is 4788 a factor of 1798200432?
True
Is 1195388616 a multiple of 1416?
True
Is 2362 a factor of 96078336?
False
Is 454 a factor of 4901079?
False
Is 356734900 a multiple of 294?
False
Does 73 divide 87200592?
False
Does 3246 divide 94741774?
False
Does 206 divide 1972634393?
False
Is 287092470 a multiple of 570?
True
Does 502 divide 1707062597?
False
Is 20426320 a multiple of 299?
False
Does 2508 divide 22703884?
False
Is 790767437 a multiple of 31?
True
Is 116156388 a multiple of 1086?
True
Is 663 a factor of 44700772?
False
Does 2296 divide 8841896?
True
Is 101830730 a multiple of 1195?
True
Does 4702 divide 662644779?
False
Is 1114 a factor of 34603397?
False
Does 73 divide 5191009?
False
Is 4571787 a multiple of 31?
True
Is 134599401 a multiple of 243?
True
Does 84 divide 122153976?
True
Does 1996 divide 187452344?
True
Is 18875930 a multiple of 190?
True
Is 310 a factor of 9496075?
False
Does 25 divide 3441085?
False
Is 3317956320 a multiple of 240?
True
Does 718 divide 336449861?
False
Is 47136544 a multiple of 208?
True
Does 8 divide 1595256152?
True
Is 2795288965 a multiple of 10131?
False
Is 99671000 a multiple of 3400?
True
Is 8340978 a multiple of 474?
True
Does 222 divide 1294343?
False
Does 39 divide 455596791?
True
Is 322093250 a multiple of 18?
False
Does 170 divide 19672400?
True
Is 54243279 a multiple of 13?
False
Is 266424422 a multiple of 209?
True
Is 592 a factor of 212147985?
False
Does 50 divide 104948850?
True
Is 91729018 a multiple of 72?
False
Is 343 a factor of 325059874?
False
Is 12 a factor of 41115504?
True
Is 955764682 a multiple of 269?
False
Is 44 a factor of 4303538129?
False
Is 160678836 a multiple of 36?
True
Is 591755029 a multiple of 39?
False
Is 852 a factor of 467748?
True
Does 1510 divide 2470542711?
False
Is 347 a factor of 27836687?
True
Does 681 divide 413048661?
False
Is 929555284 a multiple of 98?
True
Is 20270187 a multiple of 97?
True
Is 56707950 a multiple of 325?
True
Is 132 a factor of 487376868?
True
Is 10766088 a multiple of 11?
False
Is 1769758572 a multiple of 329?
False
Does 30 divide 452848803?
False
Is 153075018 a multiple of 2132?
False
Is 149924055 a multiple of 15?
True
Is 15 a factor of 23434849?
False
Is 3938 a factor of 401434?
False
Is 20 a factor of 300822372?
False
Is 360601851 a multiple of 499?
True
Is 328936111 a multiple of 17?
True
Does 14080 divide 848122880?
True
Is 38 a factor of 104285072?
True
Is 38 a factor of 392996?
True
Does 85 divide 505760272?
False
Does 413 divide 88338222?
True
Does 27 divide 458840700?
True
Is 57133216 a multiple of 32?
True
Is 3878 a factor of 1314107106?
False
Is 215719113 a multiple of 42?
False
Does 4 divide 106755822?
False
Is 5697 a factor of 26505617?
False
Does 867 divide 17454997?
False
Does 864 divide 76501895?
False
Is 742403686 a multiple of 139?
False
Is 109247225 a multiple of 3425?
True
Is 5 a factor of 9569420?
True
Does 532 divide 26249412?
True
Is 295045 a multiple of 14?
False
Is 686 a factor of 559643602?
True
Is 42 a factor of 18871902?
True
Is 30 a factor of 455705520?
True
Is 21 a factor of 3957566150?
False
Does 6179 divide 250512487?
False
Does 96 divide 5778804?
False
Is 338787692 a multiple of 2893?
False
Is 261131147 a multiple of 73?
True
Is 1403 a factor of 241513823?
True
Is 95707074 a multiple of 67?
False
Is 71 a factor of 1646493003?
False
Does 22 divide 7681543?
False
Is 33 a factor of 17798154?
True
Is 4392192 a multiple of 1344?
True
Is 468782782 a multiple of 13?
True
Does 1168 divide 102294608?
True
Is 33092336 a multiple of 17?
True
Is 29813751 a multiple of 11?
True
Is 794 a factor of 864391352?
False
Is 421 a factor of 13581039?
True
Does 566 divide 167931068?
True
Is 3989112840 a multiple of 2385?
True
Is 19 a factor of 40149217?
False
Is 18 a factor of 356577066?
True
Does 299 divide 1092527462?
True
Does 14 divide 26387676?
True
Does 23 divide 62334192?
False
Does 1848 divide 80323320?
True
Is 86358159 a multiple of 30?
False
Does 246 divide 3342781824?
True
Does 5335 divide 72117671?
False
Is 299 a factor of 66178866?
True
Is 524 a factor of 38129388?
False
Is 157538709 a multiple of 3?
True
Is 169 a factor of 3639801?
False
Does 393 divide 22870189?
False
Is 93 a factor of 27383964?
False
Does 13 divide 81529708?
True
Is 9779840 a multiple of 365?
False
Is 1254478330 a multiple of 82?
False
Is 4030 a factor of 265294734?
False
Is 61